{"id":1536,"date":"2019-04-24T18:07:52","date_gmt":"2019-04-24T16:07:52","guid":{"rendered":"http:\/\/melonic.be\/j\/?page_id=1536"},"modified":"2019-04-24T18:08:30","modified_gmt":"2019-04-24T16:08:30","slug":"etat-desprit","status":"publish","type":"page","link":"https:\/\/melonic.be\/j\/etat-desprit\/","title":{"rendered":"Etat d&rsquo;esprit"},"content":{"rendered":"<h2 style=\"text-align: left;\" align=\"center\">Etat d&rsquo;esprit<\/h2>\n<p class=\"evidence-center\" align=\"center\">Ne crains pas d&rsquo;avancer lentement, crains seulement de t&rsquo;arr\u00eater.<br \/>\n(Sagesse chinoise)<\/p>\n<p>Certes de nombreux param\u00e8tres, que l&rsquo;on n&rsquo;a encore pu cerner, sont n\u00e9cessaires pour r\u00e9ussir cet \u00e9change, mais l&rsquo;amour, le respect et la patience semblent \u00eatre primordiaux.<br \/>\nS&rsquo;ils sont importants dans nos relations quotidiennes, ils le sont d&rsquo; autant plus en TCI o\u00f9 l&rsquo;\u00e9change est \u00a0\u00bb mat\u00e9riellement \u00a0\u00bb plus compliqu\u00e9 et jamais garanti aux premiers essais.<br \/>\nNous ne pouvons que vous encourager \u00e0 la pers\u00e9v\u00e9rance, sans d\u00e9couragement.<br \/>\nIl faut cependant \u00eatre conscient aussi, que si la TCI ne n\u00e9cessite pas de don particulier et serait donc accessible \u00e0 tous, certains ne \u00a0\u00bb re\u00e7oivent pas \u00ab\u00a0.<br \/>\nA part le manque de pers\u00e9v\u00e9rance, il n&rsquo; y a pas d&rsquo;explication \u00e0 ce ph\u00e9nom\u00e8ne, si ce n&rsquo; est que d&rsquo;autres moyens de communications existent et sont alors vraisemblablement plus adapt\u00e9s aux personnalit\u00e9s concern\u00e9es.<\/p>\n<p>Il est pr\u00e9f\u00e9rable de ne pas tenter de s\u00e9ance si l&rsquo;on se sent fatigu\u00e9 physiquement, en d\u00e9tresse morale, ou si notre esprit est pr\u00e9occup\u00e9 par un souci important.<br \/>\nIl convient de se sentir \u00a0\u00bb en accord avec soi-m\u00eame \u00ab\u00a0, pr\u00eat et en d\u00e9sir de communion avec l&rsquo;\u00eatre aim\u00e9 et surtout lui parler de la m\u00eame fa\u00e7on que nous le faisions par le pass\u00e9.<\/p>\n<p>Surtout nous recommandons de ne pas pratiquer par curiosit\u00e9 ou par jeu ou en esp\u00e9rant en obtenir des avantages purement mat\u00e9riels, des cas de d\u00e9stabilisation mentale ou d&rsquo;obsession ayant \u00e9t\u00e9 recens\u00e9s.<\/p>\n<p>Nous ne le redirons jamais assez, tenter un transcontact ne se fait pas sans pr\u00e9paration et l&rsquo;une des meilleures pr\u00e9parations est de se documenter, de lire \u00e9norm\u00e9ment d&rsquo;ouvrages traitant de ce th\u00e8me ou de spiritualit\u00e9.<\/p>\n<p>Dans certain cas, une tentative de TCI trop rapide apr\u00e8s le d\u00e9part d&rsquo;un \u00eatre cher, pourrait perturber le travail naturel et indispensable du deuil qui est un long cheminement pour arriver \u00e0 l&rsquo;apaisement.<\/p>\n<p class=\"evidence-center\" align=\"center\"><img decoding=\"async\" src=\"http:\/\/www.melonic.be\/j\/images\/stories\/fleur.gif\" alt=\"\" border=\"0\" \/><\/p>\n","protected":false},"excerpt":{"rendered":"<p>Etat d&rsquo;esprit Ne crains pas d&rsquo;avancer lentement, crains seulement de t&rsquo;arr\u00eater. (Sagesse chinoise) Certes de nombreux param\u00e8tres, que l&rsquo;on n&rsquo;a encore pu cerner, sont n\u00e9cessaires pour r\u00e9ussir cet \u00e9change, mais l&rsquo;amour, le respect et la patience semblent \u00eatre primordiaux. S&rsquo;ils sont importants dans nos relations quotidiennes, ils le sont d&rsquo; autant plus en TCI o\u00f9 [&hellip;]<\/p>\n","protected":false},"author":1,"featured_media":0,"parent":0,"menu_order":0,"comment_status":"closed","ping_status":"closed","template":"","meta":{"ocean_post_layout":"","ocean_both_sidebars_style":"","ocean_both_sidebars_content_width":0,"ocean_both_sidebars_sidebars_width":0,"ocean_sidebar":"0","ocean_second_sidebar":"0","ocean_disable_margins":"enable","ocean_add_body_class":"","ocean_shortcode_before_top_bar":"","ocean_shortcode_after_top_bar":"","ocean_shortcode_before_header":"","ocean_shortcode_after_header":"","ocean_has_shortcode":"","ocean_shortcode_after_title":"","ocean_shortcode_before_footer_widgets":"","ocean_shortcode_after_footer_widgets":"","ocean_shortcode_before_footer_bottom":"","ocean_shortcode_after_footer_bottom":"","ocean_display_top_bar":"default","ocean_display_header":"default","ocean_header_style":"","ocean_center_header_left_menu":"0","ocean_custom_header_template":"0","ocean_custom_logo":0,"ocean_custom_retina_logo":0,"ocean_custom_logo_max_width":0,"ocean_custom_logo_tablet_max_width":0,"ocean_custom_logo_mobile_max_width":0,"ocean_custom_logo_max_height":0,"ocean_custom_logo_tablet_max_height":0,"ocean_custom_logo_mobile_max_height":0,"ocean_header_custom_menu":"0","ocean_menu_typo_font_family":"0","ocean_menu_typo_font_subset":"","ocean_menu_typo_font_size":0,"ocean_menu_typo_font_size_tablet":0,"ocean_menu_typo_font_size_mobile":0,"ocean_menu_typo_font_size_unit":"px","ocean_menu_typo_font_weight":"","ocean_menu_typo_font_weight_tablet":"","ocean_menu_typo_font_weight_mobile":"","ocean_menu_typo_transform":"","ocean_menu_typo_transform_tablet":"","ocean_menu_typo_transform_mobile":"","ocean_menu_typo_line_height":0,"ocean_menu_typo_line_height_tablet":0,"ocean_menu_typo_line_height_mobile":0,"ocean_menu_typo_line_height_unit":"","ocean_menu_typo_spacing":0,"ocean_menu_typo_spacing_tablet":0,"ocean_menu_typo_spacing_mobile":0,"ocean_menu_typo_spacing_unit":"","ocean_menu_link_color":"","ocean_menu_link_color_hover":"","ocean_menu_link_color_active":"","ocean_menu_link_background":"","ocean_menu_link_hover_background":"","ocean_menu_link_active_background":"","ocean_menu_social_links_bg":"","ocean_menu_social_hover_links_bg":"","ocean_menu_social_links_color":"","ocean_menu_social_hover_links_color":"","ocean_disable_title":"default","ocean_disable_heading":"default","ocean_post_title":"","ocean_post_subheading":"","ocean_post_title_style":"","ocean_post_title_background_color":"","ocean_post_title_background":0,"ocean_post_title_bg_image_position":"","ocean_post_title_bg_image_attachment":"","ocean_post_title_bg_image_repeat":"","ocean_post_title_bg_image_size":"","ocean_post_title_height":0,"ocean_post_title_bg_overlay":0.5,"ocean_post_title_bg_overlay_color":"","ocean_disable_breadcrumbs":"default","ocean_breadcrumbs_color":"","ocean_breadcrumbs_separator_color":"","ocean_breadcrumbs_links_color":"","ocean_breadcrumbs_links_hover_color":"","ocean_display_footer_widgets":"default","ocean_display_footer_bottom":"default","ocean_custom_footer_template":"0","footnotes":""},"class_list":["post-1536","page","type-page","status-publish","hentry","entry"],"yoast_head":"<!-- This site is optimized with the Yoast SEO plugin v27.5 - https:\/\/yoast.com\/product\/yoast-seo-wordpress\/ -->\n<title>Etat d&#039;esprit - Melonic<\/title>\n<meta name=\"robots\" content=\"index, follow, max-snippet:-1, max-image-preview:large, max-video-preview:-1\" \/>\n<link rel=\"canonical\" href=\"https:\/\/melonic.be\/j\/etat-desprit\/\" \/>\n<meta property=\"og:locale\" content=\"fr_FR\" \/>\n<meta property=\"og:type\" content=\"article\" \/>\n<meta property=\"og:title\" content=\"Etat d&#039;esprit - Melonic\" \/>\n<meta property=\"og:description\" content=\"Etat d&rsquo;esprit Ne crains pas d&rsquo;avancer lentement, crains seulement de t&rsquo;arr\u00eater. (Sagesse chinoise) Certes de nombreux param\u00e8tres, que l&rsquo;on n&rsquo;a encore pu cerner, sont n\u00e9cessaires pour r\u00e9ussir cet \u00e9change, mais l&rsquo;amour, le respect et la patience semblent \u00eatre primordiaux. S&rsquo;ils sont importants dans nos relations quotidiennes, ils le sont d&rsquo; autant plus en TCI o\u00f9 [&hellip;]\" \/>\n<meta property=\"og:url\" content=\"https:\/\/melonic.be\/j\/etat-desprit\/\" \/>\n<meta property=\"og:site_name\" content=\"Melonic\" \/>\n<meta property=\"article:modified_time\" content=\"2019-04-24T16:08:30+00:00\" \/>\n<meta property=\"og:image\" content=\"http:\/\/www.melonic.be\/j\/images\/stories\/fleur.gif\" \/>\n<meta name=\"twitter:card\" content=\"summary_large_image\" \/>\n<meta name=\"twitter:label1\" content=\"Dur\u00e9e de lecture estim\u00e9e\" \/>\n\t<meta name=\"twitter:data1\" content=\"2 minutes\" \/>\n<script type=\"application\/ld+json\" class=\"yoast-schema-graph\">{\"@context\":\"https:\\\/\\\/schema.org\",\"@graph\":[{\"@type\":\"WebPage\",\"@id\":\"https:\\\/\\\/melonic.be\\\/j\\\/etat-desprit\\\/\",\"url\":\"https:\\\/\\\/melonic.be\\\/j\\\/etat-desprit\\\/\",\"name\":\"Etat d'esprit - Melonic\",\"isPartOf\":{\"@id\":\"https:\\\/\\\/melonic.be\\\/j\\\/#website\"},\"primaryImageOfPage\":{\"@id\":\"https:\\\/\\\/melonic.be\\\/j\\\/etat-desprit\\\/#primaryimage\"},\"image\":{\"@id\":\"https:\\\/\\\/melonic.be\\\/j\\\/etat-desprit\\\/#primaryimage\"},\"thumbnailUrl\":\"http:\\\/\\\/www.melonic.be\\\/j\\\/images\\\/stories\\\/fleur.gif\",\"datePublished\":\"2019-04-24T16:07:52+00:00\",\"dateModified\":\"2019-04-24T16:08:30+00:00\",\"breadcrumb\":{\"@id\":\"https:\\\/\\\/melonic.be\\\/j\\\/etat-desprit\\\/#breadcrumb\"},\"inLanguage\":\"fr-FR\",\"potentialAction\":[{\"@type\":\"ReadAction\",\"target\":[\"https:\\\/\\\/melonic.be\\\/j\\\/etat-desprit\\\/\"]}]},{\"@type\":\"ImageObject\",\"inLanguage\":\"fr-FR\",\"@id\":\"https:\\\/\\\/melonic.be\\\/j\\\/etat-desprit\\\/#primaryimage\",\"url\":\"http:\\\/\\\/www.melonic.be\\\/j\\\/images\\\/stories\\\/fleur.gif\",\"contentUrl\":\"http:\\\/\\\/www.melonic.be\\\/j\\\/images\\\/stories\\\/fleur.gif\"},{\"@type\":\"BreadcrumbList\",\"@id\":\"https:\\\/\\\/melonic.be\\\/j\\\/etat-desprit\\\/#breadcrumb\",\"itemListElement\":[{\"@type\":\"ListItem\",\"position\":1,\"name\":\"Accueil\",\"item\":\"https:\\\/\\\/melonic.be\\\/j\\\/\"},{\"@type\":\"ListItem\",\"position\":2,\"name\":\"Etat d&#8217;esprit\"}]},{\"@type\":\"WebSite\",\"@id\":\"https:\\\/\\\/melonic.be\\\/j\\\/#website\",\"url\":\"https:\\\/\\\/melonic.be\\\/j\\\/\",\"name\":\"Melonic\",\"description\":\"\",\"publisher\":{\"@id\":\"https:\\\/\\\/melonic.be\\\/j\\\/#\\\/schema\\\/person\\\/16854370e1792906f271cdce232cd4f3\"},\"potentialAction\":[{\"@type\":\"SearchAction\",\"target\":{\"@type\":\"EntryPoint\",\"urlTemplate\":\"https:\\\/\\\/melonic.be\\\/j\\\/?s={search_term_string}\"},\"query-input\":{\"@type\":\"PropertyValueSpecification\",\"valueRequired\":true,\"valueName\":\"search_term_string\"}}],\"inLanguage\":\"fr-FR\"},{\"@type\":[\"Person\",\"Organization\"],\"@id\":\"https:\\\/\\\/melonic.be\\\/j\\\/#\\\/schema\\\/person\\\/16854370e1792906f271cdce232cd4f3\",\"name\":\"Nicole Incourt\",\"image\":{\"@type\":\"ImageObject\",\"inLanguage\":\"fr-FR\",\"@id\":\"https:\\\/\\\/melonic.be\\\/j\\\/wp-content\\\/uploads\\\/2019\\\/04\\\/cropped-logo_banner.png\",\"url\":\"https:\\\/\\\/melonic.be\\\/j\\\/wp-content\\\/uploads\\\/2019\\\/04\\\/cropped-logo_banner.png\",\"contentUrl\":\"https:\\\/\\\/melonic.be\\\/j\\\/wp-content\\\/uploads\\\/2019\\\/04\\\/cropped-logo_banner.png\",\"width\":410,\"height\":106,\"caption\":\"Nicole Incourt\"},\"logo\":{\"@id\":\"https:\\\/\\\/melonic.be\\\/j\\\/wp-content\\\/uploads\\\/2019\\\/04\\\/cropped-logo_banner.png\"}}]}<\/script>\n<!-- \/ Yoast SEO plugin. -->","yoast_head_json":{"title":"Etat d'esprit - Melonic","robots":{"index":"index","follow":"follow","max-snippet":"max-snippet:-1","max-image-preview":"max-image-preview:large","max-video-preview":"max-video-preview:-1"},"canonical":"https:\/\/melonic.be\/j\/etat-desprit\/","og_locale":"fr_FR","og_type":"article","og_title":"Etat d'esprit - Melonic","og_description":"Etat d&rsquo;esprit Ne crains pas d&rsquo;avancer lentement, crains seulement de t&rsquo;arr\u00eater. (Sagesse chinoise) Certes de nombreux param\u00e8tres, que l&rsquo;on n&rsquo;a encore pu cerner, sont n\u00e9cessaires pour r\u00e9ussir cet \u00e9change, mais l&rsquo;amour, le respect et la patience semblent \u00eatre primordiaux. S&rsquo;ils sont importants dans nos relations quotidiennes, ils le sont d&rsquo; autant plus en TCI o\u00f9 [&hellip;]","og_url":"https:\/\/melonic.be\/j\/etat-desprit\/","og_site_name":"Melonic","article_modified_time":"2019-04-24T16:08:30+00:00","og_image":[{"url":"http:\/\/www.melonic.be\/j\/images\/stories\/fleur.gif","type":"","width":"","height":""}],"twitter_card":"summary_large_image","twitter_misc":{"Dur\u00e9e de lecture estim\u00e9e":"2 minutes"},"schema":{"@context":"https:\/\/schema.org","@graph":[{"@type":"WebPage","@id":"https:\/\/melonic.be\/j\/etat-desprit\/","url":"https:\/\/melonic.be\/j\/etat-desprit\/","name":"Etat d'esprit - Melonic","isPartOf":{"@id":"https:\/\/melonic.be\/j\/#website"},"primaryImageOfPage":{"@id":"https:\/\/melonic.be\/j\/etat-desprit\/#primaryimage"},"image":{"@id":"https:\/\/melonic.be\/j\/etat-desprit\/#primaryimage"},"thumbnailUrl":"http:\/\/www.melonic.be\/j\/images\/stories\/fleur.gif","datePublished":"2019-04-24T16:07:52+00:00","dateModified":"2019-04-24T16:08:30+00:00","breadcrumb":{"@id":"https:\/\/melonic.be\/j\/etat-desprit\/#breadcrumb"},"inLanguage":"fr-FR","potentialAction":[{"@type":"ReadAction","target":["https:\/\/melonic.be\/j\/etat-desprit\/"]}]},{"@type":"ImageObject","inLanguage":"fr-FR","@id":"https:\/\/melonic.be\/j\/etat-desprit\/#primaryimage","url":"http:\/\/www.melonic.be\/j\/images\/stories\/fleur.gif","contentUrl":"http:\/\/www.melonic.be\/j\/images\/stories\/fleur.gif"},{"@type":"BreadcrumbList","@id":"https:\/\/melonic.be\/j\/etat-desprit\/#breadcrumb","itemListElement":[{"@type":"ListItem","position":1,"name":"Accueil","item":"https:\/\/melonic.be\/j\/"},{"@type":"ListItem","position":2,"name":"Etat d&#8217;esprit"}]},{"@type":"WebSite","@id":"https:\/\/melonic.be\/j\/#website","url":"https:\/\/melonic.be\/j\/","name":"Melonic","description":"","publisher":{"@id":"https:\/\/melonic.be\/j\/#\/schema\/person\/16854370e1792906f271cdce232cd4f3"},"potentialAction":[{"@type":"SearchAction","target":{"@type":"EntryPoint","urlTemplate":"https:\/\/melonic.be\/j\/?s={search_term_string}"},"query-input":{"@type":"PropertyValueSpecification","valueRequired":true,"valueName":"search_term_string"}}],"inLanguage":"fr-FR"},{"@type":["Person","Organization"],"@id":"https:\/\/melonic.be\/j\/#\/schema\/person\/16854370e1792906f271cdce232cd4f3","name":"Nicole Incourt","image":{"@type":"ImageObject","inLanguage":"fr-FR","@id":"https:\/\/melonic.be\/j\/wp-content\/uploads\/2019\/04\/cropped-logo_banner.png","url":"https:\/\/melonic.be\/j\/wp-content\/uploads\/2019\/04\/cropped-logo_banner.png","contentUrl":"https:\/\/melonic.be\/j\/wp-content\/uploads\/2019\/04\/cropped-logo_banner.png","width":410,"height":106,"caption":"Nicole Incourt"},"logo":{"@id":"https:\/\/melonic.be\/j\/wp-content\/uploads\/2019\/04\/cropped-logo_banner.png"}}]}},"_links":{"self":[{"href":"https:\/\/melonic.be\/j\/wp-json\/wp\/v2\/pages\/1536","targetHints":{"allow":["GET"]}}],"collection":[{"href":"https:\/\/melonic.be\/j\/wp-json\/wp\/v2\/pages"}],"about":[{"href":"https:\/\/melonic.be\/j\/wp-json\/wp\/v2\/types\/page"}],"author":[{"embeddable":true,"href":"https:\/\/melonic.be\/j\/wp-json\/wp\/v2\/users\/1"}],"replies":[{"embeddable":true,"href":"https:\/\/melonic.be\/j\/wp-json\/wp\/v2\/comments?post=1536"}],"version-history":[{"count":1,"href":"https:\/\/melonic.be\/j\/wp-json\/wp\/v2\/pages\/1536\/revisions"}],"predecessor-version":[{"id":1537,"href":"https:\/\/melonic.be\/j\/wp-json\/wp\/v2\/pages\/1536\/revisions\/1537"}],"wp:attachment":[{"href":"https:\/\/melonic.be\/j\/wp-json\/wp\/v2\/media?parent=1536"}],"curies":[{"name":"wp","href":"https:\/\/api.w.org\/{rel}","templated":true}]}}